- 3*k(h). Let x be l(-6). Let s(t) = -8*t - 28. List the prime factors of s(x).
2, 19
List the prime factors of 8302*((-4)/(-20))/(2/10).
2, 7, 593
Let k(u) = 4*u**3 + u**2. Let g be k(1). Let l = -39 - -39. Suppose -g*b = l, 4*o - 5*o = -b - 106. List the prime factors of o.
2, 53
List the prime factors of (-52574)/33*-3 - -5*48/440.
2, 5, 239
Let l(b) = b**3 - 24*b**2 + 81*b + 29. Let p be l(5). Let d(q) = 2*q**3 + 2*q**2 - 5*q - 2. Let z be d(4). Let t = p + z. List the prime factors of t.
97
Let z = -4261 - -62296. List the prime factors of z.
3, 5, 53, 73
Let z(s) = -179*s + 15634. What are the prime factors of z(-138)?
2, 2521
Let a(j) = 6524*j - 1526. What are the prime factors of a(3)?
2, 7, 1289
Let i = 888 - -5715. Suppose 20*r - i - 7577 = 0. What are the prime factors of r?
709
Suppose -28*u = -44*u + 112. Suppose -1740 = -u*i - 235. List the prime factors of i.
5, 43
Let k be -4*(-1)/4*2. Suppose 4*t + k*w + 2*w = 1688, -w - 1246 = -3*t. List the prime factors of t.
3, 139
Let p(l) = -449*l**3 + 9*l**2 + 15*l - 39. List the prime factors of p(-3).
2, 3, 5, 101
Let o(i) = 167*i + 65. Let c be o(5). Suppose -c = 3*g - 5688. List the prime factors of g.
2, 3, 7, 19
Let o = -704 + 726. Suppose 2*g = r - 27, 102 + o = 5*r + g. List the prime factors of r.
5
Let r(w) = 54*w + 2. Let m be r(-1). Let i = m - -58. Let k(t) = t + 12. What are the prime factors of k(i)?
2, 3
Let f be (36 - 0)/(-9) + -1. List the prime factors of ((-4029)/(-6))/(f/(-10) - 0).
17, 79
Let p = 73 - 93. Let y be (p/(-8))/((-2)/20) - -3. What are the prime factors of -9 + 10 - (y + 1)?
2, 11
Let n be 64/(-8)*(-77)/22. Let k(p) = -p + 1. Let h be k(-4). Suppose -h*g - 121 = -7*g - 5*j, -g = -4*j - n. List the prime factors of g.
2, 3
Let j = 4809 - -1994. List the prime factors of j.
6803
Let p(d) = -d**3 + d**2 + 70. Suppose 76*o = 74*o - 242. Let r = 121 + o. List the prime factors of p(r).
2, 5, 7
Let k(w) = -w**3 + 11*w**2 - 17*w - 11. Let y be 10/(-40) - (-2)/8. Suppose 4*v + 5*n - 42 = y, -n + 25 = 4*v - 9. List the prime factors of k(v).
3, 5
Suppose -3*q - 5*m = -65286, 2*q - 43502 = 14*m - 10*m. List the prime factors of q.
21757
Suppose -451 = -18*i - 127. Suppose 13*n - i*n = -1600. List the prime factors of n.
2, 5
Suppose 2068913 = 26*x + 677196 - 298881. What are the prime factors of x?
7, 1327
Suppose -48*p = -34403 - 124163 - 164570. List the prime factors of p.
2, 3, 11, 17
List the prime factors of 36280/32*((-9)/24 + (-1863)/(-360)).
2, 3, 907
Let o(r) = -2411*r - 248. List the prime factors of o(-8).
2, 5, 7, 17
Let n(o) = 4688*o - 8833. What are the prime factors of n(13)?
31, 41
Let y(u) = -7*u + 70. Let p be y(10). Suppose -4*m + 349 + 311 = p. What are the prime factors of m?
3, 5, 11
Suppose -12 + 47 = 7*a. Suppose 4*x - 4310 = -2*k - k, a*x - 2*k = 5376. Suppose 3176 = 14*l + x. List the prime factors of l.
2, 3, 5
Let z(i) = i**2 + 18*i + 11. Suppose b + 11 = -u - 3*b, 3*b + 51 = -3*u. Let g be z(u). Let r = g + 30. List the prime factors of r.
2, 3, 5
Let b be -1*(-4)/(-12)*-9. Suppose i - 282 = -u + 6*i, -b*i + 298 = u. What are the prime factors of u?
2, 73
Let b be 2 + (828 - (7 - 3)). What are the prime factors of (-6 - 80/(-14))/((-2)/b)?
2, 59
Let p = 14 + -8. Suppose 6*r - 3*r - p = 0. Suppose r*n - 58 = 16. List the prime factors of n.
37
Let y(t) = 11*t**2 + 8*t + 12. Let i be (-60)/210 + -1*33/7. List the prime factors of y(i).
13, 19
Let b(m) = -4*m - 2. Let x be 2 + 6*(-10)/15. Let z be b(x). Let j = 60 - z. List the prime factors of j.
2, 3
Suppose 4855279 = 158*x + 99*x - 10*x. What are the prime factors of x?
11, 1787
Let v(w) = 3*w**2 + 6*w - 8. Let l(j) = -6*j - 3. Let z(x) = -x. Let k(a) = l(a) - 5*z(a). Let t be k(3). List the prime factors of v(t).
2
Suppose 0 = -2*p - 16, -26*p + 238214 = 5*b - 24*p. List the prime factors of b.
2, 3, 2647
Let c = 18625 - 1672. What are the prime factors of c?
3, 5651
Suppose -11*c + 8*c + 21 = 0. Suppose -31 + c = -4*k. Suppose 2*t = k, 0 = 3*n - 5*t - 34 - 197. List the prime factors of n.
2, 41
Let m(h) be the third derivative of 199*h**4/12 + 13*h**3/2 - 29*h**2. Let z be m(4). Suppose 6*u + 533 = z. List the prime factors of u.
3, 61
Let t(u) = -15*u + 138. Let k be t(9). Suppose 0 = p - k*p - 3*a + 1535, -a + 3065 = 4*p. List the prime factors of p.
2, 383
Let x(h) = -6087*h + 8591. List the prime factors of x(-4).
32939
Let v(b) = b**2 - 11*b - 9. Let s be v(12). Let i be (-12)/((-8)/(-6)*(-1)/6). Suppose 3*p - s*h - i = 201, 95 = p + 4*h. What are the prime factors of p?
3, 29
Let d(w) = -26*w**3 - 3*w**2 - 7*w - 66. Suppose -8*a = 10*a + 72. What are the prime factors of d(a)?
2, 3, 263
List the prime factors of 8264 - (-6)/(-36)*3*-2.
3, 5, 19, 29
List the prime factors of 3826828/532 - (-10)/14.
2, 3, 11, 109
Suppose -101*x + 20666 = -100*x + u, 0 = 3*x - 5*u - 61958. What are the prime factors of x?
3, 71, 97
Suppose 750 = 3*o + 246. Let j = -32 + o. What are the prime factors of j?
2, 17
Suppose -2*c = -5*b - 2, -5*b + 4*c = -6*b - 18. What are the prime factors of (-2380 - 44)*b/4?
2, 3, 101
Suppose -9*t + 10*t - 3 = 0. Suppose -u - 3*x - 25 = 0, -4*u + t*x = 2*x + 74. What are the prime factors of (0 + 1)*((1 - u) + -3)?
17
Suppose 139*v - 143*v + 24 = 0. Suppose 0 = a - 3*a + t + v, 3*t + 15 = 5*a. What are the prime factors of 3*(-1)/a*-37?
37
Suppose -247*p + 242*p = 5. Let j(x) = -578*x**3 - 4*x - 4. What are the prime factors of j(p)?
2, 17
Suppose 3*i - 5*s - 28883 = 46551, -5*i = -s - 125738. List the prime factors of i.
2, 6287
Let h(o) = o**3 - 25*o**2 + o - 15. Let s be h(25). Let r be 360/100*s/6. Suppose r*t - 457 = 83. What are the prime factors of t?
2, 3, 5
Suppose -5*x = -i + 4*i - 529, 2*i + 5*x = 351. Suppose -182*w = -i*w - 5628. List the prime factors of w.
3, 7, 67
Let o(t) = -t**3 + 4*t**2 + 8*t - 10. Let i be o(5). Suppose 2*v + i*n = -v - 100, 0 = 4*v - 3*n + 85. List the prime factors of 1 - (-5)/(v/(-315)).
2
Let g(h) = 26*h**2 + 2*h - 12. Suppose 5*a - 12 = 9*a. List the prime factors of g(a).
2, 3
Let p(u) be the second derivative of 0 + 1/2*u**4 + 0*u**2 + 25*u - 1/6*u**3. What are the prime factors of p(-1)?
7
Let j = 7 - -574. Let y = -272 - -1044. Suppose j = 11*i - y. What are the prime factors of i?
3, 41
Suppose -5*l - 5*l + 32*l = 155804. What are the prime factors of l?
2, 3541
Let u be (3*12/(-4))/(-1). Let q(p) = -u - p + 10 - 4*p - 2*p. What are the prime factors of q(-8)?
3, 19
Let c(f) = -36 + 72*f + 5 - 10. List the prime factors of c(9).
607
Suppose 20720 = 3*d + 7*d. Suppose d = 28*b - 20*b. List the prime factors of b.
7, 37
Suppose 0 = 3*t - 3*i - 18, -t + 8 = 5*i - 10. Let l(v) = -293*v - 3. Let z be l(9). List the prime factors of z/(-28) + t/(-28).
2, 47
Let j be (-4 + -2)*332/12. Let g = -108 - j. Suppose 2*w = w + g. List the prime factors of w.
2, 29
What are the prime factors of 6/(-39) + (-1354164)/(-1222)?
2, 277
Let h(f) = f**3 + 9*f**2 + 6*f - 4. Let c be 0 + ((-22)/2 - -3). Let j be h(c). Suppose j*g = 1309 + 287. What are the prime factors of g?
7, 19
Let x(t) = t**2 + 13*t + 1. Let d be x(14). Let i be ((-6)/2)/(-2 - d/(-188)). List the prime factors of (-13)/(-26)*i/(-2).
47
Let j be (-5)/(-2)*36/(-15). List the prime factors of j/10 + (-5360)/(-100) - 4.
7
Let m(j) = -5*j**3 - 11*j**2 + 2*j + 27. Let l be m(-6). Let y = l + -169. List the prime factors of y.
2, 5, 53
Suppose -7572 = 58*b - 61*b. Suppose 0 = 20*t - 1856 - b. What are the prime factors of t?
3, 73
Let g(k) = -345*k + 2980. What are the prime factors of g(4)?
2, 5
Suppose 5*f = 15, -2*f - 56 + 50 = -3*u. What are the prime factors of (9/u)/((36/3776)/3)?
2, 3, 59
Suppose 50575 = 8*m - 90716 + 14083. What are the prime factors of m?
15901
Let f(v) = -v**3 + 19*v**2 - 5*v - 67. Let y be f(20). Let n = y + 965. What are the prime factors of n?
2, 199
Let u = -3517 + 23637. List the prime factors of u.
2, 5, 503
Let a = -10694 - -37277. List the prime factors of a.
3, 8861
Suppose -x + 7 = 3*b - 16, 1 = b. Suppose v - 4*m = 2*v + x, v - 5 = m. Suppose 9*n = 846 - v. List the prime factors of n.
2, 47
Let r(b) = -27*b**3 - 3*b**2 + 13*b + 30. Let k be r(-3). Let d = -464 + k. What are the prime factors of d?
229
Suppose -3*f = 2*f - 3100. Let 